{"id":880,"date":"2014-11-13T20:16:59","date_gmt":"2014-11-13T20:16:59","guid":{"rendered":"http:\/\/www.apcf.pt\/?page_id=880"},"modified":"2023-12-28T16:02:04","modified_gmt":"2023-12-28T16:02:04","slug":"parcerias-e-apoios","status":"publish","type":"page","link":"http:\/\/www.apcf.pt\/?page_id=880","title":{"rendered":"Parcerias e apoios"},"content":{"rendered":"<ul>\n<li><strong>Motamineral<\/strong><\/li>\n<\/ul>\n<p><a href=\"http:\/\/www.mota-sc.com\/main_pt\/motamineral.shtml?menu=2&amp;submenu=4\"><img loading=\"lazy\" decoding=\"async\" class=\"alignnone wp-image-1472 size-full\" src=\"http:\/\/www.apcf.pt\/wp-content\/uploads\/2014\/11\/MOTAmineral-e1430904873370.jpg\" alt=\"MOTAmineral\" width=\"300\" height=\"300\" \/><\/a><\/p>\n<ul>\n<li><strong>Munic\u00edpio de Viana do Castelo<\/strong><\/li>\n<\/ul>\n<p><a href=\"http:\/\/www.cm-viana-castelo.pt\/\"><img loading=\"lazy\" decoding=\"async\" class=\"alignnone size-full wp-image-1482\" src=\"http:\/\/www.apcf.pt\/wp-content\/uploads\/2014\/11\/VIANA.jpg\" alt=\"VIANA\" width=\"219\" height=\"230\" \/><\/a><\/p>\n<ul>\n<li><strong>Munic\u00edpio de Montalegre<\/strong><\/li>\n<\/ul>\n<p>Apoio na organiza\u00e7\u00e3o de eventos<\/p>\n<p><a href=\"http:\/\/www.cm-montalegre.pt\/\"><img loading=\"lazy\" decoding=\"async\" class=\"alignnone size-full wp-image-1577\" src=\"http:\/\/www.apcf.pt\/wp-content\/uploads\/2014\/11\/logo-cmm.gif\" alt=\"logo-cmm\" width=\"335\" height=\"100\" \/><\/a><\/p>\n<ul>\n<li><strong>Juntas de Freguesia de Alvar\u00e3es e Vila de Punhe<\/strong><\/li>\n<\/ul>\n<p><a href=\"http:\/\/www.alvaraes.pt\"><img loading=\"lazy\" decoding=\"async\" class=\"alignnone size-full wp-image-1484\" src=\"http:\/\/www.apcf.pt\/wp-content\/uploads\/2014\/11\/ALVARAES.jpg\" alt=\"ALVARAES\" width=\"184\" height=\"198\" \/><\/a>\u00a0 \u00a0 \u00a0 \u00a0 \u00a0 \u00a0 \u00a0 \u00a0<a href=\"http:\/\/www.jf-viladepunhe.com\/\"><img loading=\"lazy\" decoding=\"async\" class=\"alignnone size-thumbnail wp-image-1489\" src=\"http:\/\/www.apcf.pt\/wp-content\/uploads\/2014\/11\/PUNHE-150x150.jpg\" alt=\"PUNHE\" width=\"150\" height=\"150\" srcset=\"http:\/\/www.apcf.pt\/wp-content\/uploads\/2014\/11\/PUNHE-150x150.jpg 150w, http:\/\/www.apcf.pt\/wp-content\/uploads\/2014\/11\/PUNHE-300x300.jpg 300w, http:\/\/www.apcf.pt\/wp-content\/uploads\/2014\/11\/PUNHE-1024x1024.jpg 1024w, http:\/\/www.apcf.pt\/wp-content\/uploads\/2014\/11\/PUNHE-90x90.jpg 90w\" sizes=\"(max-width: 150px) 100vw, 150px\" \/><\/a><\/p>\n<ul>\n<li><strong>Federa\u00e7\u00e3o Portuguesa de Pesca Desportiva<\/strong><\/li>\n<\/ul>\n<p><a href=\"http:\/\/www.fppd.pt\/\"><img loading=\"lazy\" decoding=\"async\" class=\"alignnone size-thumbnail wp-image-1492\" src=\"http:\/\/www.apcf.pt\/wp-content\/uploads\/2014\/11\/FPPD-150x150.jpg\" alt=\"FPPD\" width=\"150\" height=\"150\" srcset=\"http:\/\/www.apcf.pt\/wp-content\/uploads\/2014\/11\/FPPD-150x150.jpg 150w, http:\/\/www.apcf.pt\/wp-content\/uploads\/2014\/11\/FPPD-300x300.jpg 300w, http:\/\/www.apcf.pt\/wp-content\/uploads\/2014\/11\/FPPD-1024x1024.jpg 1024w, http:\/\/www.apcf.pt\/wp-content\/uploads\/2014\/11\/FPPD-90x90.jpg 90w\" sizes=\"(max-width: 150px) 100vw, 150px\" \/><\/a><\/p>\n<ul>\n<li><strong>Instituto da Conserva\u00e7\u00e3o da Natureza e das Florestas<\/strong><\/li>\n<\/ul>\n<p><a href=\"http:\/\/www.icnf.pt\/portal\"><img loading=\"lazy\" decoding=\"async\" class=\"alignnone wp-image-1504 size-full\" src=\"http:\/\/www.apcf.pt\/wp-content\/uploads\/2014\/11\/ICNF1.jpg\" alt=\"ICNF\" width=\"386\" height=\"130\" \/><\/a><\/p>\n<ul>\n<li><strong>Pescateamcarp<\/strong><\/li>\n<\/ul>\n<p>10% desconto para s\u00f3cios da\u00a0APCF &#8211; Artigos sem promo\u00e7\u00e3o<\/p>\n<p>5% \u00a0desconto para s\u00f3cios da APCF &#8211; Artigos em promo\u00e7\u00e3o<\/p>\n<p><a href=\"http:\/\/www.pescateamcarp.com\/\"><img loading=\"lazy\" decoding=\"async\" class=\"alignnone size-full wp-image-1502\" src=\"http:\/\/www.apcf.pt\/wp-content\/uploads\/2014\/11\/PEscateamcarp.jpg\" alt=\"PEscateamcarp\" width=\"342\" height=\"94\" \/><\/a><\/p>\n<ul>\n<li><strong>Cebocarp<\/strong><\/li>\n<\/ul>\n<p>10% \u00a0de \u00a0desconto em artigos sem promo\u00e7\u00e3o<\/p>\n<p><a href=\"http:\/\/www.cebocarp.com\/CARPFISHING\/\"><img loading=\"lazy\" decoding=\"async\" class=\"size-full wp-image-1706 alignleft\" src=\"http:\/\/www.apcf.pt\/wp-content\/uploads\/2014\/11\/cebocarp.png\" alt=\"cebocarp\" width=\"290\" height=\"80\" srcset=\"http:\/\/www.apcf.pt\/wp-content\/uploads\/2014\/11\/cebocarp.png 290w, http:\/\/www.apcf.pt\/wp-content\/uploads\/2014\/11\/cebocarp-768x211.png 768w\" sizes=\"(max-width: 290px) 100vw, 290px\" \/><\/a><\/p>\n","protected":false},"excerpt":{"rendered":"<p>Motamineral Munic\u00edpio de Viana do Castelo Munic\u00edpio de Montalegre Apoio na organiza\u00e7\u00e3o <span class=\"custom_excerpt\"> &#8230;<\/span><\/p>\n","protected":false},"author":10,"featured_media":0,"parent":0,"menu_order":0,"comment_status":"open","ping_status":"open","template":"","meta":{"_bbp_topic_count":0,"_bbp_reply_count":0,"_bbp_total_topic_count":0,"_bbp_total_reply_count":0,"_bbp_voice_count":0,"_bbp_anonymous_reply_count":0,"_bbp_topic_count_hidden":0,"_bbp_reply_count_hidden":0,"_bbp_forum_subforum_count":0,"jetpack_post_was_ever_published":false,"footnotes":""},"jetpack_sharing_enabled":true,"jetpack_shortlink":"https:\/\/wp.me\/P5EBhA-ec","_links":{"self":[{"href":"http:\/\/www.apcf.pt\/index.php?rest_route=\/wp\/v2\/pages\/880"}],"collection":[{"href":"http:\/\/www.apcf.pt\/index.php?rest_route=\/wp\/v2\/pages"}],"about":[{"href":"http:\/\/www.apcf.pt\/index.php?rest_route=\/wp\/v2\/types\/page"}],"author":[{"embeddable":true,"href":"http:\/\/www.apcf.pt\/index.php?rest_route=\/wp\/v2\/users\/10"}],"replies":[{"embeddable":true,"href":"http:\/\/www.apcf.pt\/index.php?rest_route=%2Fwp%2Fv2%2Fcomments&post=880"}],"version-history":[{"count":56,"href":"http:\/\/www.apcf.pt\/index.php?rest_route=\/wp\/v2\/pages\/880\/revisions"}],"predecessor-version":[{"id":1873,"href":"http:\/\/www.apcf.pt\/index.php?rest_route=\/wp\/v2\/pages\/880\/revisions\/1873"}],"wp:attachment":[{"href":"http:\/\/www.apcf.pt\/index.php?rest_route=%2Fwp%2Fv2%2Fmedia&parent=880"}],"curies":[{"name":"wp","href":"https:\/\/api.w.org\/{rel}","templated":true}]}}