{"id":878,"date":"2014-11-13T20:16:30","date_gmt":"2014-11-13T20:16:30","guid":{"rendered":"http:\/\/www.apcf.pt\/?page_id=878"},"modified":"2015-07-12T22:46:33","modified_gmt":"2015-07-12T21:46:33","slug":"lago-apcf","status":"publish","type":"page","link":"http:\/\/www.apcf.pt\/?page_id=878","title":{"rendered":"Lago APCF"},"content":{"rendered":"<p style=\"text-align: justify;\"><img loading=\"lazy\" decoding=\"async\" class=\"aligncenter size-full wp-image-1656\" src=\"http:\/\/www.apcf.pt\/wp-content\/uploads\/2014\/11\/logo.jpg\" alt=\"logo\" width=\"305\" height=\"305\" srcset=\"http:\/\/www.apcf.pt\/wp-content\/uploads\/2014\/11\/logo.jpg 305w, http:\/\/www.apcf.pt\/wp-content\/uploads\/2014\/11\/logo-150x150.jpg 150w, http:\/\/www.apcf.pt\/wp-content\/uploads\/2014\/11\/logo-300x300.jpg 300w, http:\/\/www.apcf.pt\/wp-content\/uploads\/2014\/11\/logo-1024x1024.jpg 1024w, http:\/\/www.apcf.pt\/wp-content\/uploads\/2014\/11\/logo-90x90.jpg 90w\" sizes=\"(max-width: 305px) 100vw, 305px\" \/><\/p>\n<p style=\"text-align: center;\"><strong>Projeto Lago da APCF (2012-2014): um sonho tornado realidade<\/strong><\/p>\n<p style=\"text-align: justify;\">Durante anos a APCF alimentou o sonho de gerir um lago cooperativo vocacionado\u00a0para a pr\u00e1tica do carp fishing. Finalmente, no auspicioso dia de 31 de Julho de 2012, a\u00a0APCF celebrou um protocolo de requalifica\u00e7\u00e3o \u2013 hist\u00f3rico e pioneiro &#8211; de uma lagoa de\u00a0extrac\u00e7\u00e3o de inertes. O protocolo foi celebrado com uma importante empresa, a\u00a0Motamineral, S. A., propriet\u00e1ria do terreno, e com as freguesias circundantes, sendo\u00a0tamb\u00e9m apoiado pela C\u00e2mara Municipal de Viana do Castelo. Tal como acontece na\u00a0Inglaterra (nos \u201csyndicate lakes\u201d), o protocolo permite \u00e0 APCF desenvolver, dentro de\u00a0cl\u00e1usulas acordadas mutuamente, o seu projecto de elei\u00e7\u00e3o: um lago privativo com as\u00a0melhores condi\u00e7\u00f5es para a pr\u00e1tica da modalidade. S\u00f3 temos de louvar e agradecer a\u00a0abertura e a receptividade com que o projecto foi recebido e aceite, pela Motamineral\u00a0e juntas de freguesia da \u00e1rea envolvente (Alvar\u00e3es e Vila de Punhe).<\/p>\n<p>\u00a0<a href=\"http:\/\/www.apcf.pt\/wp-content\/uploads\/2014\/11\/lago-1.png\"><img loading=\"lazy\" decoding=\"async\" class=\" size-full wp-image-945 aligncenter\" src=\"http:\/\/www.apcf.pt\/wp-content\/uploads\/2014\/11\/lago-1.png\" alt=\"lago 1\" width=\"640\" height=\"159\" \/><\/a><\/p>\n<p>&nbsp;<\/p>\n<p><a href=\"http:\/\/www.apcf.pt\/wp-content\/uploads\/2014\/11\/Projeto-Lago-da-APCF-2012_14-Site.pdf\" target=\"_blank\"><img loading=\"lazy\" decoding=\"async\" class=\" size-medium wp-image-950 aligncenter\" src=\"http:\/\/www.apcf.pt\/wp-content\/uploads\/2014\/11\/pdflagocarpfishing-300x300.png\" alt=\"pdflagocarpfishing\" width=\"300\" height=\"300\" srcset=\"http:\/\/www.apcf.pt\/wp-content\/uploads\/2014\/11\/pdflagocarpfishing-300x300.png 300w, http:\/\/www.apcf.pt\/wp-content\/uploads\/2014\/11\/pdflagocarpfishing-150x150.png 150w, http:\/\/www.apcf.pt\/wp-content\/uploads\/2014\/11\/pdflagocarpfishing-1024x1024.png 1024w, http:\/\/www.apcf.pt\/wp-content\/uploads\/2014\/11\/pdflagocarpfishing-90x90.png 90w\" sizes=\"(max-width: 300px) 100vw, 300px\" \/><\/a><\/p>\n<p>&nbsp;<\/p>\n<p><!--more--><\/p>\n<p><a href=\"http:\/\/www.apcf.pt\/wp-content\/uploads\/2014\/11\/10509667_10203113037159852_5864530566456369970_n.jpg\"><img loading=\"lazy\" decoding=\"async\" class=\"wp-image-941 aligncenter\" src=\"http:\/\/www.apcf.pt\/wp-content\/uploads\/2014\/11\/10509667_10203113037159852_5864530566456369970_n.jpg\" alt=\"10509667_10203113037159852_5864530566456369970_n\" width=\"345\" height=\"631\" \/><\/a><a href=\"http:\/\/www.apcf.pt\/wp-content\/uploads\/2014\/11\/logo.jpg\"><img loading=\"lazy\" decoding=\"async\" class=\"aligncenter size-full wp-image-1656\" src=\"http:\/\/www.apcf.pt\/wp-content\/uploads\/2014\/11\/logo.jpg\" alt=\"logo\" width=\"305\" height=\"305\" srcset=\"http:\/\/www.apcf.pt\/wp-content\/uploads\/2014\/11\/logo.jpg 305w, http:\/\/www.apcf.pt\/wp-content\/uploads\/2014\/11\/logo-150x150.jpg 150w, http:\/\/www.apcf.pt\/wp-content\/uploads\/2014\/11\/logo-300x300.jpg 300w, http:\/\/www.apcf.pt\/wp-content\/uploads\/2014\/11\/logo-1024x1024.jpg 1024w, http:\/\/www.apcf.pt\/wp-content\/uploads\/2014\/11\/logo-90x90.jpg 90w\" sizes=\"(max-width: 305px) 100vw, 305px\" \/><\/a><\/p>\n","protected":false},"excerpt":{"rendered":"<p>Projeto Lago da APCF (2012-2014): um sonho tornado realidade Durante anos a <span class=\"custom_excerpt\"> &#8230;<\/span><\/p>\n","protected":false},"author":10,"featured_media":0,"parent":0,"menu_order":0,"comment_status":"open","ping_status":"open","template":"","meta":{"_bbp_topic_count":0,"_bbp_reply_count":0,"_bbp_total_topic_count":0,"_bbp_total_reply_count":0,"_bbp_voice_count":0,"_bbp_anonymous_reply_count":0,"_bbp_topic_count_hidden":0,"_bbp_reply_count_hidden":0,"_bbp_forum_subforum_count":0,"jetpack_post_was_ever_published":false,"footnotes":""},"jetpack_sharing_enabled":true,"jetpack_shortlink":"https:\/\/wp.me\/P5EBhA-ea","_links":{"self":[{"href":"http:\/\/www.apcf.pt\/index.php?rest_route=\/wp\/v2\/pages\/878"}],"collection":[{"href":"http:\/\/www.apcf.pt\/index.php?rest_route=\/wp\/v2\/pages"}],"about":[{"href":"http:\/\/www.apcf.pt\/index.php?rest_route=\/wp\/v2\/types\/page"}],"author":[{"embeddable":true,"href":"http:\/\/www.apcf.pt\/index.php?rest_route=\/wp\/v2\/users\/10"}],"replies":[{"embeddable":true,"href":"http:\/\/www.apcf.pt\/index.php?rest_route=%2Fwp%2Fv2%2Fcomments&post=878"}],"version-history":[{"count":6,"href":"http:\/\/www.apcf.pt\/index.php?rest_route=\/wp\/v2\/pages\/878\/revisions"}],"predecessor-version":[{"id":1657,"href":"http:\/\/www.apcf.pt\/index.php?rest_route=\/wp\/v2\/pages\/878\/revisions\/1657"}],"wp:attachment":[{"href":"http:\/\/www.apcf.pt\/index.php?rest_route=%2Fwp%2Fv2%2Fmedia&parent=878"}],"curies":[{"name":"wp","href":"https:\/\/api.w.org\/{rel}","templated":true}]}}